{"id":174,"date":"2018-07-06T08:14:00","date_gmt":"2018-07-06T08:14:00","guid":{"rendered":"http:\/\/esbo-ds.irs.uni-stuttgart.de\/wordpress\/?page_id=174"},"modified":"2018-07-06T08:14:00","modified_gmt":"2018-07-06T08:14:00","slug":"datenschutz-privacy","status":"publish","type":"page","link":"https:\/\/esbo-ds.irs.uni-stuttgart.de\/wordpress\/index.php\/datenschutz-privacy\/","title":{"rendered":"Datenschutz \/ Privacy"},"content":{"rendered":"<div class=\"flex-container\">\n<div>\n<h1>Datenschutzerkl\u00e4rung ESBO <em>DS<\/em> Website<\/h1>\n<p><b>Informationen zum Datenschutz\/Datenschutzerkl\u00e4rung<\/b><\/p>\n<h2>1. Verantwortlich im datenschutzrechtlichen Sinne:<\/h2>\n<p>Universit\u00e4t Stuttgart<br \/>\nKeplerstra\u00dfe 7<br \/>\n70174 Stuttgart<br \/>\nDeutschland<br \/>\nTel: +49 711\/685-0<br \/>\nE-Mail:<a class=\"email\" title=\"Email\" href=\"http:\/\/www.uni-stuttgart.de\/cgi-bin\/mail.cgi?poststelle=uni-stuttgart.de\" target=\"_self\">Poststelle Universit\u00e4t Stuttgart<\/a><\/p>\n<h2>2. Datenschutzbeauftragter:<\/h2>\n<p>Universit\u00e4t Stuttgart<br \/>\nDatenschutzbeauftragter<br \/>\nBreitscheidstr. 2<br \/>\n70174 Stuttgart<br \/>\nTel: +49 711 685-83687<br \/>\nFax: +49 711 685-83688<br \/>\nE-Mail:<a title=\"Email\" href=\"http:\/\/www.uni-stuttgart.de\/cgi-bin\/mail.cgi?datenschutz=uni-stuttgart.de\" target=\"_blank\" rel=\"noopener noreferrer\"><span class=\"email\">Datenschutz Universit\u00e4t Stuttgart<\/span><\/a><\/p>\n<h2>3. Personenbezongene Daten werden wie folgt erhoben:<\/h2>\n<h3>3.1.1. Beschreibung und Kategorien von Daten<\/h3>\n<p>Wenn Sie diese oder andere Internetseiten aufrufen, \u00fcbermitteln Sie \u00fcber Ihren Browser Daten an unseren Webserver. Die folgenden Daten werden w\u00e4hrend einer\\ laufenden Verbindung tempor\u00e4r in einer Logdatei aufgezeichnet: IP-Adresse des anfragenden Rechners<br \/>\nDatum und Uhrzeit des Zugriffs<br \/>\nName, URL und \u00fcbertragene Datenmenge der abgerufenen Datei<br \/>\nZugriffsstatus (angeforderte Datei \u00fcbertragen, nicht gefunden etc.)<br \/>\nBrowsertyp und Betriebssystem (sofern vom anfragenden Webbrowser \u00fcbermittelt)<br \/>\nWebseite, von der aus der Zugriff erfolgte (sofern vom anfragenden Webbrowser \u00fcbermittelt) Die Verarbeitung der Daten in dieser Logdatei geschieht wie folgt: Die Logeintr\u00e4ge werden kontinuierlich automatisch ausgewertet, um Angriffe auf die Webserver erkennen und entsprechend reagieren zu k\u00f6nnen. In Einzelf\u00e4llen, d.h. bei gemeldeten St\u00f6rungen, Fehlern und Sicherheitsvorf\u00e4llen, erfolgt eine manuelle Analyse. Au\u00dferdem werden an den aktiven Netzwerk-Komponenten der Universit\u00e4t Stuttgart beim Aufruf von Webseiten Datum und Zeitstempel, IP-Adresse + Port (Quelle), \\ IP-Adresse + Port (Ziel) sowie die Paketgr\u00f6\u00dfe protokolliert.<\/p>\n<h4>3.1.2. Zweck<\/h4>\n<p>Die vor\u00fcbergehende Speicherung der IP-Adresse durch das System ist notwendig, um eine Auslieferung der Website an den Rechner des Nutzers zu erm\u00f6glichen. Hierf\u00fcr muss die IP-Adresse des Nutzers f\u00fcr die Dauer der Sitzung gespeichert bleiben. Die Speicherung in einer Logdatei erfolgt, um die Funktionsf\u00e4higkeit der Website sicherzustellen. Zudem dienen uns die Daten zur Optimierung der Website und zur Sicherstellung der Sicherheit unserer informationstechnischen Systeme. Die in den Logeintr\u00e4gen enthaltenen IP-Adressen werden nicht mit anderen Datenbest\u00e4nden zusammengef\u00fchrt, es sei denn, es liegen tats\u00e4chliche Anhaltspunkte f\u00fcr eine St\u00f6rung des ordnungsgem\u00e4\u00dfen Betriebs vor. Die Protokollierung auf aktiven Netzwerk-Komponenten dient ebenso der Sicherstellung der Sicherheit der informationstechnischen Systeme. In diesen Zwecken liegt auch unser berechtigtes Interesse an der Datenverarbeitung nach Art. 6 Abs. 1 lit. f DS-GVO.<\/p>\n<h4>3.1.3. Rechtsgrundlage<\/h4>\n<p>Rechtsgrundlage f\u00fcr die vor\u00fcbergehende Speicherung der Daten und der Logfiles ist Art. 6 Abs. 1 lit. f DS-GVO.<\/p>\n<h4>3.1.4. Empf\u00e4nger<\/h4>\n<p>Sofern wegen Angriffen auf unsere informationstechnischen System Ermittlungsma\u00dfnahmen eingeleitet werden, k\u00f6nnen die oben unter 3.1.1. genannten Daten bzw. Logdateien an staatliche Ermittlungsorgane (z.B. Polizei, Staatsanwaltschaft) weiter gegeben werden. Dasselbe gilt, wenn entsprechende Beh\u00f6rden und\/oder Gerichte Anfragen an die Universit\u00e4t richten und die Universit\u00e4t dazu verpflichtet ist, diesen Folge zu leisten.<\/p>\n<h4>3.1.5. Dauer der Speicherung<\/h4>\n<p>Die Daten werden gel\u00f6scht, sobald sie f\u00fcr die Erreichung des Zweckes ihrer Erhebung nicht mehr erforderlich sind. Im Falle der Erfassung der Daten zur Bereitstellung der Website ist dies der Fall, wenn die jeweilige Sitzung beendet ist. Die Speicherung der Daten in Logdateien werden nach sieben Tagen anonymisiert. Dies geschieht durch K\u00fcrzung der IP-Adressen.<\/p>\n<h4>3.1.6. Folgen der Nichtangabe, Widerspruchs- bzw. Beseitigungsm\u00f6glichkeit<\/h4>\n<p>Die Erfassung der Daten zur Bereitstellung der Website und die Speicherung der Daten in Logfiles ist f\u00fcr den Betrieb der Internetseite zwingend erforderlich. Nutzer, die nicht m\u00f6chten, dass ihre Daten wie beschrieben verarbeitet werden, k\u00f6nnen sich \u00fcber Alternativwege (telefonisch, schriftlich, pers\u00f6nlich) an die Universit\u00e4t wenden, um entsprechende Informationen zu erhalten oder Vorg\u00e4nge durchzuf\u00fchren.<\/p>\n<h3>3.2 Nutzung von Cookies<\/h3>\n<h4>3.2.1. Beschreibung und Kategorien von Daten<\/h4>\n<p>Unsere Webseite verwendet Cookies. Bei Cookies handelt es sich um Textdateien, die im Internetbrowser bzw. vom Internetbrowser auf dem Computersystem des Nutzers gespeichert werden. Ruft ein Nutzer eine Website auf, so kann ein Cookie auf dem Betriebssystem des Nutzers gespeichert werden. Dieser Cookie enth\u00e4lt eine charakteristische Zeichenfolge, die eine eindeutige Identifizierung des Browsers beim erneuten Aufrufen der Website erm\u00f6glicht.<\/p>\n<h4>3.2.2. Zweck<\/h4>\n<p>Einige Funktionen unserer Internetseite k\u00f6nnen ohne den Einsatz von Cookies nicht angeboten werden. F\u00fcr diese ist es erforderlich, dass der Browser auch nach einem Seitenwechsel wiedererkannt wird. Die durch technisch notwendige Cookies erhobenen Nutzerdaten werden nicht zur Erstellung von Nutzerprofilen verwendet. In diesen Zwecken liegt auch unser berechtigtes Interesse in der Verarbeitung der personenbezogenen Daten nach Art. 6 Abs. 1 lit. f DS-GVO.<\/p>\n<h4>3.2.3. Rechtsgrundlage<\/h4>\n<p>Die Rechtsgrundlage f\u00fcr die Verarbeitung personenbezogener Daten unter Verwendung von Cookies ist Art. 6 Abs. 1 lit. f DS-GVO.<\/p>\n<h4>3.2.4. Empf\u00e4nger<\/h4>\n<p>Empf\u00e4nger der in den Cookies enthaltenen Informationen ist ausschlie\u00dflich der berechtigte Webserver, d.h. der den Cookie setzende Webserver der Universit\u00e4t.<\/p>\n<h4>3.2.5. Dauer der Speicherung<\/h4>\n<p>Die Speicherdauer unserer Cookies ist wie folgt: Session-Cookies werden beim Schlie\u00dfen Ihres Browsers automatisch von Ihrem Rechner gel\u00f6scht. Da die Cookies auf Ihrem Endger\u00e4t gespeichert sind, haben Sie auch die M\u00f6glichkeit einer fr\u00fcheren L\u00f6schung. N\u00e4heres erfahren Sie im nachstehenden Punkt.<\/p>\n<h4>3.2.6. Folgen der Nichtangabe, Widerspruchs- bzw. Beseitigungsm\u00f6glichkeit<\/h4>\n<p>Cookies werden auf dem Rechner des Nutzers gespeichert und von diesem an unserer Seite \u00fcbermittelt. Daher haben Sie als Nutzer \u00e2\u20ac\u201c unabh\u00e4ngig von den vorstehend aufgef\u00fchrten Speicherfristen \u00e2\u20ac\u201c auch die volle Kontrolle \u00fcber die Verwendung von Cookies. Durch eine &amp;AUML;nderung der Einstellungen in Ihrem Internetbrowser k\u00f6nnen Sie die &amp;UUML;bertragung von Cookies deaktivieren oder einschr\u00e4nken. Bereits gespeicherte Cookies k\u00f6nnen jederzeit gel\u00f6scht werden. Dies kann auch automatisiert erfolgen. Werden Cookies f\u00fcr unsere Website deaktiviert, k\u00f6nnen m\u00f6glicherweise nicht mehr alle Funktionen der Website vollumf\u00e4nglich genutzt werden.<\/p>\n<h2>4. Ihre Rechte<\/h2>\n<p>Sie haben das Recht, von der Universit\u00e4t Auskunft \u00fcber die zu Ihrer Person gespeicherten Daten zu erhalten und\/oder unrichtig gespeicherte Daten berichtigen zu lassen.<br \/>\nSie haben dar\u00fcber hinaus das Recht auf L\u00f6schung oder auf Einschr\u00e4nkung der Verarbeitung oder ein Widerspruchsrecht gegen die Verarbeitung. Bitte wenden Sie sich dazu an den Datenschutzbeauftragten der Universit\u00e4t Stuttgart:<br \/>\n<a title=\"Email\" href=\"http:\/\/www.uni-stuttgart.de\/cgi-bin\/mail.cgi?datenschutz=uni-stuttgart.de\" target=\"_blank\" rel=\"noopener noreferrer\"><span class=\"email\">Datenschutz Universit\u00e4t Stuttgart<\/span><\/a><br \/>\nSie haben das Recht auf Beschwerde bei der Aufsichtsbeh\u00f6rde, wenn Sie der Ansicht sind, dass die Verarbeitung der Sie betreffenden personenbezogenen Daten gegen die Rechtvorschriften verst\u00f6\u00dft.<br \/>\nDie zust\u00e4ndige Aufsichtsbeh\u00f6rde ist der Landesbeauftragte f\u00fcr den Datenschutz und die Informationsfreiheit Baden-W\u00fcrttemberg.<br \/>\n<a href=\"https:\/\/www.baden-wuerttemberg.datenschutz.de\">Datenschutzbeauftragter Baden W\u00fcrttemberg<\/a><\/div>\n<\/div>\n","protected":false},"excerpt":{"rendered":"<p>Datenschutzerkl\u00e4rung ESBO DS Website Informationen zum Datenschutz\/Datenschutzerkl\u00e4rung 1. Verantwortlich im datenschutzrechtlichen Sinne: Universit\u00e4t Stuttgart Keplerstra\u00dfe 7 70174 Stuttgart Deutschland Tel: +49 711\/685-0 E-Mail:Poststelle Universit\u00e4t Stuttgart 2. Datenschutzbeauftragter: Universit\u00e4t Stuttgart Datenschutzbeauftragter Breitscheidstr. 2 70174 Stuttgart Tel: +49 711 685-83687 Fax: +49 711 685-83688 E-Mail:Datenschutz Universit\u00e4t Stuttgart 3. Personenbezongene Daten werden wie folgt erhoben: 3.1.1. Beschreibung und [&hellip;]<\/p>\n","protected":false},"author":1,"featured_media":0,"parent":0,"menu_order":0,"comment_status":"closed","ping_status":"closed","template":"","meta":{"footnotes":""},"class_list":["post-174","page","type-page","status-publish","hentry","post"],"_links":{"self":[{"href":"https:\/\/esbo-ds.irs.uni-stuttgart.de\/wordpress\/index.php\/wp-json\/wp\/v2\/pages\/174","targetHints":{"allow":["GET"]}}],"collection":[{"href":"https:\/\/esbo-ds.irs.uni-stuttgart.de\/wordpress\/index.php\/wp-json\/wp\/v2\/pages"}],"about":[{"href":"https:\/\/esbo-ds.irs.uni-stuttgart.de\/wordpress\/index.php\/wp-json\/wp\/v2\/types\/page"}],"author":[{"embeddable":true,"href":"https:\/\/esbo-ds.irs.uni-stuttgart.de\/wordpress\/index.php\/wp-json\/wp\/v2\/users\/1"}],"replies":[{"embeddable":true,"href":"https:\/\/esbo-ds.irs.uni-stuttgart.de\/wordpress\/index.php\/wp-json\/wp\/v2\/comments?post=174"}],"version-history":[{"count":1,"href":"https:\/\/esbo-ds.irs.uni-stuttgart.de\/wordpress\/index.php\/wp-json\/wp\/v2\/pages\/174\/revisions"}],"predecessor-version":[{"id":175,"href":"https:\/\/esbo-ds.irs.uni-stuttgart.de\/wordpress\/index.php\/wp-json\/wp\/v2\/pages\/174\/revisions\/175"}],"wp:attachment":[{"href":"https:\/\/esbo-ds.irs.uni-stuttgart.de\/wordpress\/index.php\/wp-json\/wp\/v2\/media?parent=174"}],"curies":[{"name":"wp","href":"https:\/\/api.w.org\/{rel}","templated":true}]}}